154. Determine l(-5).
-36
Let m(l) = l**2 - 96*l + 2211. Determine m(70).
391
Let r(b) = b**3 - 34*b**2 + 32*b + 76. What is r(33)?
43
Let x(f) = f**2 - 22*f - 169. Give x(25).
-94
Let h(z) = z**2 + 57*z + 172. Give h(-3).
10
Let w(y) = -2*y**3 + 23*y**2 + 102*y + 18. Determine w(15).
-27
Let j(g) = -1098*g + 1093. What is j(1)?
-5
Let o(b) = -70*b + 601. Determine o(13).
-309
Let a(t) = t**3 + 49*t**2 + 298*t + 229. What is a(-6)?
-11
Let y(u) = u**3 - 58*u**2 - 162*u + 2514. Determine y(60).
-6
Let k(v) = v**3 + 42*v**2 + 82*v + 57. Give k(-40).
-23
Let v(t) = -2*t**3 - 7*t**2 + 16*t + 17. What is v(-5)?
12
Let t(z) = 301*z - 27990. What is t(93)?
3
Let u(a) = 1569*a - 12546. Give u(8).
6
Let w(m) = -m**2 + 367*m + 4203. Calculate w(-11).
45
Let d(k) = -2*k**2 + 35*k + 113. Calculate d(17).
130
Let w(i) = 11*i - 39. What is w(6)?
27
Let u(q) = 11*q**2 - 325*q - 151. Determine u(30).
-1
Let z(y) = y**2 + 108*y + 715. Determine z(-7).
8
Let y(q) = q**3 - 18*q**2 - 19*q - 54. Calculate y(19).
-54
Let p(n) = -71*n**3 + 3*n**2 - 6*n + 4. What is p(1)?
-70
Let v(n) = -68*n + 804. What is v(12)?
-12
Let q(m) = 2311*m - 16160. What is q(7)?
17
Let y(b) = 382*b**2 - 7*b + 2. What is y(1)?
377
Let u(n) = 18*n**2 + 110*n + 13. Calculate u(-6).
1
Let n(k) = -22*k**3 - 139*k**2 - 41*k + 18. Calculate n(-6).
12
Let b(i) = 1948*i - 9739. What is b(5)?
1
Let k(z) = -3*z**3 - 7*z**2 - z + 9. What is k(-4)?
93
Let r(q) = q**3 + 28*q**2 - 56*q + 39. Give r(-30).
-81
Let f(o) = o**3 - 37*o**2 - 165*o + 55. Determine f(41).
14
Let g(j) = -6*j**2 - 36*j + 977. Give g(10).
17
Let w(z) = -12*z + 112. Give w(26).
-200
Let z(q) = -5*q**3 + 37*q**2 + 25*q - 1. What is z(8)?
7
Let q(v) = v**3 + 36*v**2 - 235*v - 1239. Give q(-41).
-9
Let y(l) = 3*l**2 + 28*l + 56. Determine y(-5).
-9
Let b(z) = 17*z + 76. What is b(-7)?
-43
Let f(s) = s**2 + 68*s + 718. Give f(-12).
46
Let y(k) = k**3 - 48*k**2 - 959*k + 879. Give y(63).
-3
Let x(j) = 144*j + 569. What is x(-4)?
-7
Let m(t) = -8*t**2 + 10*t + 22. Determine m(5).
-128
Let s(a) = -1207*a + 3619. What is s(3)?
-2
Let l(t) = 7*t - 324. Determine l(35).
-79
Let t(h) = 60*h + 418. Give t(-7).
-2
Let w(k) = -k**2 + 29*k - 172. Calculate w(9).
8
Let a(i) = -4*i**2 - 14*i + 27. What is a(-6)?
-33
Let l(z) = 2*z**3 - 65*z**2 - 261*z + 309. Give l(36).
-15
Let l(r) = -29*r - 547. Give l(-20).
33
Let m(h) = -h**2 + 145*h - 3461. Determine m(30).
-11
Let t(s) = 16*s**2 + 8*s + 3. What is t(3)?
171
Let v(j) = j**2 - 101*j + 443. Determine v(5).
-37
Let u(z) = 2*z**3 - 94*z**2 - 4*z + 99. What is u(47)?
-89
Let f(v) = v**3 + 62*v**2 + 2*v + 126. Calculate f(-62).
2
Let c(y) = -y**3 + 47*y**2 - 89*y - 16. Give c(45).
29
Let w(f) = f**2 - 47*f + 372. Determine w(10).
2
Let v(y) = 12*y**2 + 4*y - 6. Determine v(2).
50
Let x(o) = -524*o + 2055. Give x(4).
-41
Let v(f) = f**2 + 11*f - 118. What is v(15)?
272
Let c(s) = s**2 + 180*s + 7129. Determine c(-59).
-10
Let k(h) = 2*h**2 - 68*h - 122. What is k(27)?
-500
Let y(u) = -14*u - 329. Calculate y(-28).
63
Let c(a) = 15*a**2 + 59*a + 154. Calculate c(-5).
234
Let r(t) = t**3 + 19*t**2 + 62*t + 17. Determine r(-15).
-13
Let j(v) = 14*v + 56. Give j(-2).
28
Let t(q) = -q**2 + 462*q - 12145. Give t(28).
7
Let m(n) = 451*n - 73509. What is m(163)?
4
Let t(q) = -1395*q + 12495. Calculate t(9).
-60
Let m(k) = k**2 + 240*k - 4234. Calculate m(17).
135
Let u(i) = -2*i**2 + 56*i + 343. Calculate u(-6).
-65
Let f(y) = -3*y**3 + 50*y**2 - 162*y - 73. Give f(5).
-8
Let c(l) = -l**3 - 3*l**2 + 10*l + 12. What is c(-7)?
138
Let u(x) = x**3 + 198*x**2 + 409*x + 3314. Determine u(-196).
-18
Let g(c) = c**3 - 62*c**2 - 188*c - 285. What is g(65)?
170
Let a(c) = c**3 + 22*c**2 + 50*c + 167. What is a(-20)?
-33
Let s(g) = 8*g**2 - 446*g - 113. Give s(56).
-1
Let b(t) = 18630*t - 18623. Give b(1).
7
Let w(r) = 21*r**2 + 17*r + 40. Determine w(-3).
178
Let x(f) = -f**3 - 27*f**2 - 66*f - 211. Give x(-25).
189
Let s(n) = -249*n + 6474. Determine s(26).
0
Let d(z) = -2*z + 282. Determine d(-17).
316
Let z(s) = -s - 82. What is z(24)?
-106
Let h(n) = -3*n**2 - 74*n - 100. Calculate h(-23).
15
Let f(i) = -1236*i. Determine f(0).
0
Let j(i) = -74*i**2 - 1549*i + 105. Give j(-21).
0
Let j(g) = 177*g + 4070. What is j(-23)?
-1
Let h(c) = -6*c**3 - 27*c**2 - 6*c - 7. Give h(-3).
-70
Let d(z) = 540*z - 2699. Determine d(5).
1
Let y(s) = -12*s + 48. Calculate y(2).
24
Let a(r) = -2*r**2 + 883*r + 6275. Determine a(-7).
-4
Let i(r) = -79*r**2 + 151*r + 269. Give i(3).
11
Let h(i) = 2*i**3 + 138*i**2 + 2019*i + 55. Calculate h(-21).
-8
Let l(v) = -v**3 + 63*v**2 - 131*v + 80. What is l(61)?
-469
Let t(n) = -n**3 - 22*n**2 - 19*n - 90. Give t(-20).
-510
Let d(s) = s**3 - 12*s**2 + 6*s + 59. What is d(11)?
4
Let f(w) = 2*w**3 - 266*w**2 + w - 145. What is f(133)?
-12
Let f(x) = -16*x**2 - 41*x - 5. What is f(-3)?
-26
Let q(n) = -n**3 + 7*n**2 - 15*n + 21. What is q(4)?
9
Let b(k) = -380*k**2 + 8*k + 11. Determine b(-1).
-377
Let z(x) = 529*x + 3037. What is z(-6)?
-137
Let k(z) = -4*z**2 + 270*z + 2409. Calculate k(-8).
-7
Let m(y) = 7*y + 86. Determine m(-5).
51
Let h(r) = -3*r**3 - 19*r**2 + 34*r + 136. Determine h(-7).
-4
Let k(d) = 4*d**3 + 41*d**2 + 73*d + 18. Calculate k(-8).
10
Let x(j) = 6*j**2 + 116*j + 348. What is x(-5)?
-82
Let o(n) = 1326*n + 14541. What is o(-11)?
-45
Let c(w) = 5*w**2 - 253*w + 1127. Determine c(5).
-13
Let l(j) = 3*j**3 + 46*j**2 + 15*j - 16. Calculate l(-15).
-16
Let n(d) = 1416*d. Give n(0).
0
Let m(i) = 1183*i + 7135. What is m(-6)?
37
Let t(l) = 2*l**3 - 88*l**2 - 601*l + 26. Calculate t(50).
-24
Let h(z) = -19*z + 469. What is h(21)?
70
Let j(z) = -5*z**2 + 22*z + 222. What is j(-5)?
-13
Let m(k) = 407*k + 2473. Determine m(-6).
31
Let t(k) = 324*k - 56. Determine t(2).
592
Let d(w) = -4157*w + 16570. Determine d(4).
-58
Let y(v) = -v**2 - 17*v - 68. Determine y(-6).
-2
Let k(o) = -4*o**3 + 61*o**2 - 33*o + 268. Calculate k(15).
-2
Let w(y) = -24*y**2 - 313*y - 17. Give w(-13).
-4
Let n(k) = -490*k - 14590. Determine n(-30).
110
Let v(w) = -4*w**2 - 41*w - 85. Calculate v(-5).
20
Let i(q) = 2*q**2 + 27355*q - 27355. Determine i(1).
2
Let r(l) = 3*l**3 - 26*l**2 - 40*l - 33. Give r(10).
-33
Let g(f) = -56*f + 28. Determine g(9).
-476
Let x(s) = -1580*s + 9483. Determine x(6).
3
Let p(q) = q**3 - 7*q**2 + 5*q - 20. Calculate p(10).
330
Let c(x) = 4048*x + 153825. What is c(-38)?
1
Let g(v) = -272*v + 12766. Calculate g(47).
-18
Let q(r) = -14*r**2 - 20*r - 10. What is q(-2)?
-26
Let d(y) = -77*y**2 + 222*y + 1. Give d(3).
-26
Let x(f) = -f**3 - 19*f**2 - 62*f - 65. Give x(-15).
-35
Let y(o) = o**2 + 13*o - 322. Calculate y(12).
-22
Let c(h) = -h**2 + 247*h - 14387. Determine c(153).
-5
Let r(d) = -9*d**2 - 103*d + 19. Determine r(-9).
217
Let l(p) = -p**3 - 29*p**2 - 158*p - 81. Give l(-22).
7
Let c(w) = -239*w - 1674. What is c(-7)?
-1
Let h(m) = -m**2 + 19*m - 85. Give h(9).
5
Let a(d) = -d**3 + 19*d**2 + 19*d + 123. Calculate a(21).
-360
Let a(x) = x**2 + 26*x - 590. Determine a(-43).
141
Let b(k) = 2*k**3 + 25*k**2 + 17*k - 172. Give b(-11).
4
Let m(t) = -6*t**3 - 47*t**2 + 6*t - 11. What is m(-8)?
5
Let h(o) = -10*o**2 + 344*o - 151. What is h(33)?
311
Let c(a) = 80*a + 2206. Give c(-27).
46
Let y(s) = -191*s + 32283. Determine y(169).
4
Let l(j) = -7*j**2 - 6*j - 1. Determine l(5).
-206
Let v(c) = -46*c**2 - 57*c - 112. Determine v(-2).
-182
Let j(s) = -19*s**2 - 2604*s - 108. What is j(-137)?
29
Let f(t) = t**2 + 155*t + 3543. Give f(-127).
-13
Let c(i) = -i**3 - 4*i**2 + 11*i + 14. What is c(-6)?
20
Let r(l) = -64*l**2 - 22*l + 44. Calculate r(2).
-256
Let s(t) = 46*t**2 + 10*t + 4. Give s(1).
60
Let s(p) = 4*p - 232. What is s(45)?
-52
Let u(g) = -524*g - 5882. Determine u(-11).
-118
Let b(k) = 138*k + 1372. Determine b(-10).
-8
Let g(x) = x**3 + 9*x**2 + 111*x + 836. Determine g(-8).
12
Let u(o) = -79*o - 14217. Give u(-180).
3
Let v(i) = 3321*i - 126206. Give v(38).
-8
Let a(x) = 298*x + 19372. Determine a(-65).
2
Let t(p) = -255*p - 3428. Calculate t(-14).
142
Let h(r) = r**2 - 143*r + 1486. Determine h(11).
34
Let v(m) = 2320*m + 4669. Give v(-2).
29
Let i(c) = -c**2 + 62*c + 141. What is i(64)?
13
Let h(d) = -d**2 + 26*d + 161. Give h(-5).
6
Let s(u) = 10*u - 18. Calcu